
 







{"id":1232,"date":"2025-03-17T12:24:55","date_gmt":"2025-03-17T10:24:55","guid":{"rendered":"https:\/\/blogs.amb.cat\/alimentaciometropolitana\/?page_id=1232"},"modified":"2025-03-17T13:52:28","modified_gmt":"2025-03-17T11:52:28","slug":"contacte","status":"publish","type":"page","link":"https:\/\/blogs.amb.cat\/alimentaciometropolitana\/contacte\/","title":{"rendered":"Contacte"},"content":{"rendered":"\n<p>Si vols compartir amb nosaltres iniciatives, inquietuds o\u00a0activitats que tinguin com a finalitat promoure i avan\u00e7ar cap a un sistema alimentari metropolit\u00e0 m\u00e9s sostenible, envia\u2019ns un correu electr\u00f2nic a <a href=\"mailto:analisi-politiques@amb.cat\" target=\"_blank\" rel=\"noreferrer noopener\">analisi-politiques@amb.cat<\/a>.<\/p>\n\n\n\n<p>Per a con\u00e8ixer amb m\u00e9s detall les accions desenvolupades per promoure un sistema alimentari m\u00e9s sostenible al territori metropolit\u00e0, consulteu la web <a href=\"https:\/\/www.amb.cat\/web\/amb\/alimentacio\">&#8220;Alimentaci\u00f3 metropolitana<\/a>&#8221; de l&#8217;AMB.<\/p>\n","protected":false},"excerpt":{"rendered":"<p>Si vols compartir amb nosaltres iniciatives, inquietuds o\u00a0activitats que tinguin com a finalitat promoure i avan\u00e7ar cap a un sistema alimentari metropolit\u00e0 m\u00e9s sostenible, envia\u2019ns un correu electr\u00f2nic a analisi-politiques@amb.cat. Per a con\u00e8ixer amb m\u00e9s detall les accions desenvolupades per promoure un sistema alimentari m\u00e9s sostenible al territori metropolit\u00e0, consulteu la web &#8220;Alimentaci\u00f3 metropolitana&#8221; de [&hellip;]<\/p>\n","protected":false},"author":1,"featured_media":0,"parent":0,"menu_order":0,"comment_status":"closed","ping_status":"closed","template":"","meta":{"_oasis_is_in_workflow":0,"_oasis_original":0,"ngg_post_thumbnail":0},"_links":{"self":[{"href":"https:\/\/blogs.amb.cat\/alimentaciometropolitana\/wp-json\/wp\/v2\/pages\/1232"}],"collection":[{"href":"https:\/\/blogs.amb.cat\/alimentaciometropolitana\/wp-json\/wp\/v2\/pages"}],"about":[{"href":"https:\/\/blogs.amb.cat\/alimentaciometropolitana\/wp-json\/wp\/v2\/types\/page"}],"author":[{"embeddable":true,"href":"https:\/\/blogs.amb.cat\/alimentaciometropolitana\/wp-json\/wp\/v2\/users\/1"}],"replies":[{"embeddable":true,"href":"https:\/\/blogs.amb.cat\/alimentaciometropolitana\/wp-json\/wp\/v2\/comments?post=1232"}],"version-history":[{"count":2,"href":"https:\/\/blogs.amb.cat\/alimentaciometropolitana\/wp-json\/wp\/v2\/pages\/1232\/revisions"}],"predecessor-version":[{"id":1246,"href":"https:\/\/blogs.amb.cat\/alimentaciometropolitana\/wp-json\/wp\/v2\/pages\/1232\/revisions\/1246"}],"wp:attachment":[{"href":"https:\/\/blogs.amb.cat\/alimentaciometropolitana\/wp-json\/wp\/v2\/media?parent=1232"}],"curies":[{"name":"wp","href":"https:\/\/api.w.org\/{rel}","templated":true}]}}

<p>Si vols compartir amb nosaltres iniciatives, inquietuds o activitats que tinguin com a finalitat promoure i avançar cap a un sistema alimentari metropolità més sostenible, envia’ns un correu electrònic a <a href="mailto:analisi-politiques@amb.cat" target="_blank" rel="noreferrer noopener">analisi-politiques@amb.cat</a>.</p>



<p>Per a conèixer amb més detall les accions desenvolupades per promoure un sistema alimentari més sostenible al territori metropolità, consulteu la web <a href="https://www.amb.cat/web/amb/alimentacio">&#8220;Alimentació metropolitana</a>&#8221; de l&#8217;AMB.</p>

<p>Si vols compartir amb nosaltres iniciatives, inquietuds o activitats que tinguin com a finalitat promoure i avançar cap a un sistema alimentari metropolità més sostenible, envia’ns un correu electrònic a analisi-politiques@amb.cat. Per a conèixer amb més detall les accions desenvolupades per promoure un sistema alimentari més sostenible al territori metropolità, consulteu la web &#8220;Alimentació metropolitana&#8221; de [&hellip;]</p>
