
 







{"id":17,"date":"2015-03-25T13:34:31","date_gmt":"2015-03-25T13:34:31","guid":{"rendered":"http:\/\/blogs.amb.cat\/pmes\/?page_id=17"},"modified":"2020-12-16T07:24:45","modified_gmt":"2020-12-16T07:24:45","slug":"contacte","status":"publish","type":"page","link":"https:\/\/blogs.amb.cat\/educacioambiental\/contacte\/","title":{"rendered":"Contacte"},"content":{"rendered":"<p>Si voleu\u00a0participar en alguna de les nostres activitats o visites del Programa Metropolit\u00e0 d&#8217;Educaci\u00f3 per a la Sostenibilitat (PMES), nom\u00e9s cal que ompliu un formulari i ens posarem en contacte amb vosaltres al m\u00e9s aviat possible. Les sol\u00b7licituds s\u2019han de realitzar <strong>15 dies abans<\/strong> del dia escollit per fer l\u2019activitat.<\/p>\n<p style=\"text-align: left\"><a href=\"http:\/\/www.amb.cat\/web\/medi-ambient\/agenda\/inscripcions-activitats\/\" target=\"_blank\" rel=\"noopener\">Accedir al formulari\u00a0d&#8217;inscripcions<\/a><\/p>\n<p style=\"text-align: left\">Per\u00a0a tramitar una reserva, poseu-vos en contacte amb\u00a0la <strong>central de reserves<\/strong>:<\/p>\n<p style=\"text-align: left\"><strong>Tel\u00e8fon<\/strong>: 93 238 93 51<\/p>\n<p style=\"text-align: left\"><strong>Correu electr\u00f2nic<\/strong>:\u00a0<a href=\"mailto:reserves.compartim@amb.cat\">reserves.compartim@amb.cat<\/a><\/p>\n<p style=\"text-align: left\">Per a\u00a0m\u00e9s informaci\u00f3, envieu-nos un correu electr\u00f2nic a <a href=\"mailto:reserves.pmes@amb.cat\">educacioambiental@amb.cat<\/a><\/p>\n<p style=\"text-align: left\">\n","protected":false},"excerpt":{"rendered":"<p>Si voleu\u00a0participar en alguna de les nostres activitats o visites del Programa Metropolit\u00e0 d&#8217;Educaci\u00f3 per a la Sostenibilitat (PMES), nom\u00e9s cal que ompliu un formulari i ens posarem en contacte amb vosaltres al m\u00e9s aviat possible. Les sol\u00b7licituds s\u2019han de realitzar 15 dies abans del dia escollit per fer l\u2019activitat. Accedir al formulari\u00a0d&#8217;inscripcions Per\u00a0a tramitar [&hellip;]<\/p>\n","protected":false},"author":1,"featured_media":0,"parent":0,"menu_order":0,"comment_status":"closed","ping_status":"open","template":"","meta":{"_oasis_is_in_workflow":0,"_oasis_original":0,"ngg_post_thumbnail":0},"_links":{"self":[{"href":"https:\/\/blogs.amb.cat\/educacioambiental\/wp-json\/wp\/v2\/pages\/17"}],"collection":[{"href":"https:\/\/blogs.amb.cat\/educacioambiental\/wp-json\/wp\/v2\/pages"}],"about":[{"href":"https:\/\/blogs.amb.cat\/educacioambiental\/wp-json\/wp\/v2\/types\/page"}],"author":[{"embeddable":true,"href":"https:\/\/blogs.amb.cat\/educacioambiental\/wp-json\/wp\/v2\/users\/1"}],"replies":[{"embeddable":true,"href":"https:\/\/blogs.amb.cat\/educacioambiental\/wp-json\/wp\/v2\/comments?post=17"}],"version-history":[{"count":6,"href":"https:\/\/blogs.amb.cat\/educacioambiental\/wp-json\/wp\/v2\/pages\/17\/revisions"}],"predecessor-version":[{"id":2150,"href":"https:\/\/blogs.amb.cat\/educacioambiental\/wp-json\/wp\/v2\/pages\/17\/revisions\/2150"}],"wp:attachment":[{"href":"https:\/\/blogs.amb.cat\/educacioambiental\/wp-json\/wp\/v2\/media?parent=17"}],"curies":[{"name":"wp","href":"https:\/\/api.w.org\/{rel}","templated":true}]}}