
 







{"id":25,"date":"2018-02-19T14:32:41","date_gmt":"2018-02-19T14:32:41","guid":{"rendered":"http:\/\/blogs.amb.cat\/innoamb\/?page_id=25"},"modified":"2020-12-16T07:28:47","modified_gmt":"2020-12-16T07:28:47","slug":"recursos","status":"publish","type":"page","link":"https:\/\/blogs.amb.cat\/innoamb\/ca\/recursos\/","title":{"rendered":"Recursos"},"content":{"rendered":"<p>Podeu accedir als <strong>recursos espec\u00edfics en l&#8217;\u00e0mbit de la innovaci\u00f3 i el coneixement<\/strong> als seg\u00fcents enlla\u00e7os:<\/p>\n<p>&#8211;<a title=\"Estudis innovaci\u00f3 i coneixement\" href=\"http:\/\/www.amb.cat\/web\/desenvolupament-socioeconomic\/estudis-socioeconomics\/llistat?_EstudiTerritorialSearchListPortlet_WAR_AMBSearchPortletportlet_format=&amp;p_p_id=EstudiTerritorialSearchListPortlet_WAR_AMBSearchPortletportlet&amp;p_p_lifecycle=1&amp;p_p_mode=view&amp;p_p_state=normal&amp;_EstudiTerritorialSearchListPortlet_WAR_AMBSearchPortletportlet_tema=innovacio_coneixement&amp;queryText=\" target=\"_blank\" rel=\"noopener\">Estudis en innovaci\u00f3 i coneixement<\/a><\/p>\n<p>&#8211;<a title=\"Centres de recerca\" href=\"http:\/\/www.amb.cat\/web\/desenvolupament-socioeconomic\/serveis-per-a-empreses\/llistat?p_p_id=ServeiEmpresaSearchListPortlet_WAR_AMBSearchPortletportlet&amp;p_p_lifecycle=1&amp;p_p_mode=view&amp;p_p_state=normal&amp;_ServeiEmpresaSearchListPortlet_WAR_AMBSearchPortletportlet_servei_prestador=servei&amp;_ServeiEmpresaSearchListPortlet_WAR_AMBSearchPortletportlet_tema=rdi&amp;_ServeiEmpresaSearchListPortlet_WAR_AMBSearchPortletportlet_subtema=rdi.centres_recerca&amp;_ServeiEmpresaSearchListPortlet_WAR_AMBSearchPortletportlet_municipis=&amp;_ServeiEmpresaSearchListPortlet_WAR_AMBSearchPortletportlet_queryText=\" target=\"_blank\" rel=\"noopener\">Centres de recerca<\/a><\/p>\n<p>&#8211;<a title=\"Cl\u00fasters\" href=\"http:\/\/www.amb.cat\/web\/desenvolupament-socioeconomic\/serveis-per-a-empreses\/llistat?p_p_id=ServeiEmpresaSearchListPortlet_WAR_AMBSearchPortletportlet&amp;p_p_lifecycle=1&amp;p_p_mode=view&amp;p_p_state=normal&amp;_ServeiEmpresaSearchListPortlet_WAR_AMBSearchPortletportlet_servei_prestador=servei&amp;_ServeiEmpresaSearchListPortlet_WAR_AMBSearchPortletportlet_tema=rdi&amp;_ServeiEmpresaSearchListPortlet_WAR_AMBSearchPortletportlet_subtema=rdi.clusters&amp;_ServeiEmpresaSearchListPortlet_WAR_AMBSearchPortletportlet_municipis=&amp;_ServeiEmpresaSearchListPortlet_WAR_AMBSearchPortletportlet_queryText=\" target=\"_blank\" rel=\"noopener\">Cl\u00fasters<\/a><\/p>\n<p>&nbsp;<\/p>\n<p>&nbsp;<\/p>\n<p>&nbsp;<\/p>\n<p>&nbsp;<\/p>\n","protected":false},"excerpt":{"rendered":"<p>Podeu accedir als recursos espec\u00edfics en l&#8217;\u00e0mbit de la innovaci\u00f3 i el coneixement als seg\u00fcents enlla\u00e7os: &#8211;Estudis en innovaci\u00f3 i coneixement &#8211;Centres de recerca &#8211;Cl\u00fasters &nbsp; &nbsp; &nbsp; &nbsp;<\/p>\n","protected":false},"author":1,"featured_media":0,"parent":0,"menu_order":0,"comment_status":"closed","ping_status":"open","template":"","meta":{"_oasis_is_in_workflow":0,"_oasis_original":0,"ngg_post_thumbnail":0},"_links":{"self":[{"href":"https:\/\/blogs.amb.cat\/innoamb\/wp-json\/wp\/v2\/pages\/25"}],"collection":[{"href":"https:\/\/blogs.amb.cat\/innoamb\/wp-json\/wp\/v2\/pages"}],"about":[{"href":"https:\/\/blogs.amb.cat\/innoamb\/wp-json\/wp\/v2\/types\/page"}],"author":[{"embeddable":true,"href":"https:\/\/blogs.amb.cat\/innoamb\/wp-json\/wp\/v2\/users\/1"}],"replies":[{"embeddable":true,"href":"https:\/\/blogs.amb.cat\/innoamb\/wp-json\/wp\/v2\/comments?post=25"}],"version-history":[{"count":6,"href":"https:\/\/blogs.amb.cat\/innoamb\/wp-json\/wp\/v2\/pages\/25\/revisions"}],"predecessor-version":[{"id":1880,"href":"https:\/\/blogs.amb.cat\/innoamb\/wp-json\/wp\/v2\/pages\/25\/revisions\/1880"}],"wp:attachment":[{"href":"https:\/\/blogs.amb.cat\/innoamb\/wp-json\/wp\/v2\/media?parent=25"}],"curies":[{"name":"wp","href":"https:\/\/api.w.org\/{rel}","templated":true}]}}